2, 3, 5, 19
Let a = 317 - -145. What are the prime factors of a?
2, 3, 7, 11
Suppose 836 = -3*p + 7*p. Let u = p + 83. List the prime factors of u.
2, 73
Let f(u) = u**3 - 6*u**2 - 8*u + 5. Let x be f(7). Let d be (-4 + 0)/(-8)*x. Let m = 25 + d. List the prime factors of m.
2, 3
Let b = -5 + -10. Let f(q) = q**2 + 11*q + 8. List the prime factors of f(b).
2, 17
Let z = -1 - -3. Let a be (-2)/(((-16)/12)/z). Suppose 5*k = -a*y + 86, -4*k - 77 = -3*y - 0*k. What are the prime factors of y?
3
Let m be (-5)/1*5/1. Let f = 49 - m. List the prime factors of f.
2, 37
Suppose -5*n + 6549 = -3*l, 0*l - 2*l = 5*n - 6559. List the prime factors of n/38 + (-6)/4.
3, 11
Let k(r) = -33*r + 5. Let y be k(-3). Suppose -y = -5*l + 3*l. What are the prime factors of (-4)/26 + 1724/l?
3, 11
Suppose 10714 = 12*r + 1498. What are the prime factors of r?
2, 3
Let a = 105 - 67. Suppose a = 2*h - 4*h. Let x = -2 - h. What are the prime factors of x?
17
Let a be 28/(-6)*(-13 + 31). Let s be ((-3)/9)/(7/a). Suppose 2*t + s*w = 7*t - 197, w = 2*t - 77. What are the prime factors of t?
37
Let z = -15 - -17. What are the prime factors of (-1245)/(-30) - (-1)/z?
2, 3, 7
Let t(p) be the second derivative of -7*p**3 - 6*p**2 + 8*p. List the prime factors of t(-4).
2, 3, 13
Suppose 0 = -4*k - 2*q + 5928, -3*q = 5*k - 2*q - 7413. List the prime factors of k.
1483
Suppose 0 = -21*g + 37006 - 2020. What are the prime factors of g?
2, 7, 17
Let f(m) = 41*m**2 - 45*m - 191. List the prime factors of f(-4).
3, 5, 43
Let b(s) = 39*s**2 + 3*s - 3. Suppose 0 = 3*q + f - 2, -10 + 28 = 3*q - 3*f. Let h be b(q). List the prime factors of h/7 + 10/35.
23
Let j = -1 - -1. Suppose j*s = 4*s - 268. List the prime factors of s.
67
Suppose 7*r - 112 = -4*y + 9*r, -2*r = 8. List the prime factors of y.
2, 13
Let r = 0 - -2. Suppose -5*j + 2*j = -144. Suppose -r*l + j = l. List the prime factors of l.
2
Suppose -3*g + 2396 = 4*o, o = -2*g - 62 + 661. What are the prime factors of o?
599
Let o be (-8)/(-5) + 6/15. Let g = -13 + 21. Suppose -o*x + 44 = g. What are the prime factors of x?
2, 3
Let x(v) = v + 676. Let h be x(0). Suppose -872 = -5*n + 3*u, 3*u = -n - 3*n + h. List the prime factors of n.
2, 43
Let o(k) be the second derivative of -k**5/20 - 2*k**4/3 - 4*k**3/3 + 5*k**2/2 + 3*k. Let x be o(-7). What are the prime factors of 76/6*x/8?
19
Suppose 3 = 4*y - 3*y. Let v be (y - -2) + (0 - 0). Suppose -3*j + 4*w = -v + 2, -5*j = 3*w - 34. List the prime factors of j.
5
Suppose 4*p = p. Suppose -16*t + 228 = 3*h - 11*t, 0 = -5*h - 2*t + 380. Suppose p = -6*l + 110 + h. What are the prime factors of l?
31
Let a = 60 - 57. What are the prime factors of (-668)/(-8) + -1 + a/2?
2, 3, 7
Suppose 5*g - 860 = -3*m, -3*g + 1175 = 4*m - 2*g. Let h = m - 198. What are the prime factors of h?
97
Let m(x) = 45*x + 2. Let r be m(2). Suppose -2*f + 30 = -y + 5*y, -5*y + 35 = 2*f. Suppose 2*j = f*s - r, -2*j - j = -12. What are the prime factors of s?
2, 5
Let k = 50 - 41. Let u(j) = j**3 - 8*j**2 + 12*j - 7. What are the prime factors of u(k)?
2, 7, 13
Let b(j) = j**3 - 11*j**2 + 10*j - 3. Let u be b(10). List the prime factors of ((12/8)/u)/(2/(-164)).
41
Suppose -d - 4*v - 20 = 0, -4*d = -9*d + 5*v + 25. Suppose d = -m - 15 + 19. Suppose 20 + 64 = m*r. What are the prime factors of r?
3, 7
Let u(r) = 7*r**2 - 15*r - 24. List the prime factors of u(21).
2, 3, 229
Let v = 79 - 173. Let y = v + 203. List the prime factors of y.
109
Suppose -3312 = -196*q + 192*q. List the prime factors of q.
2, 3, 23
Suppose -7*b = -6*b - 1700. List the prime factors of b.
2, 5, 17
Suppose 0 = -2*j - 0*j + 4. Suppose 0 = -a + j*a + 43. Let z = a + 63. What are the prime factors of z?
2, 5
List the prime factors of 11 + 833 + (-8)/2.
2, 3, 5, 7
Suppose 1070 - 4227 = -7*g. What are the prime factors of g?
11, 41
Suppose 33 = 3*r + 30. List the prime factors of 2/(4*r/122).
61
Let r = -32 - -58. List the prime factors of r*(2 + (3 - 3)).
2, 13
Let m = -26 + 31. Suppose -m*p = 4*j - 662, 0*p - 5*p = -4*j - 638. List the prime factors of p.
2, 5, 13
Let v = -51 + 520. What are the prime factors of v?
7, 67
Suppose -3*l + 2*h = -39, 4*l + 33 - 102 = -3*h. What are the prime factors of -3 + l/3 - -16?
2, 3
Let g(i) = -i + 8. Let f be g(6). Suppose -5*c + 3*n + 1217 = 0, 3*c + 51 = f*n + 782. List the prime factors of c.
241
Let x = 2385 + 236. What are the prime factors of x?
2621
Let u be 5/(-3)*4*(-3)/2. What are the prime factors of (-449)/(-3) - (u/6 - 3)?
151
Let y(k) be the second derivative of k**4/12 + k**3/6 + 29*k**2/2 - 7*k. What are the prime factors of y(0)?
29
Let n = 10 - 2. Let a(c) = -c + 1. Let t be a(n). Let p(x) = -4*x - 13. List the prime factors of p(t).
3, 5
Suppose -2*p + 663 = 3*g - 219, 294 = g - p. What are the prime factors of g?
2, 3, 7
Let w(i) = 21*i + 22. List the prime factors of w(3).
5, 17
Let f = 37 - 30. Suppose 0 = 6*y - f*y + 21. What are the prime factors of y?
3, 7
Let z be ((-6)/(-12))/((-1)/(-8)). Suppose -4*l - 2*t + 14 = 0, z*l + 6*t = t + 17. Let b = l + 10. What are the prime factors of b?
13
Let t(k) = k**2 - 2*k - 4. Let b be t(4). Suppose 53 + 63 = 3*z + g, -5*g - 83 = -2*z. List the prime factors of z*1 + -4 + b.
3, 13
Let k be 1276/6 - 30/(-90). Let i(w) = 4*w**2 + w. Let c be i(1). Suppose -c*f = 4*n - n - 143, -2*f + k = 5*n. List the prime factors of n.
41
Let h = 255 + 520. What are the prime factors of h?
5, 31
Let g be (-6 - -3 - -6)*1. Suppose 6*m - g*m - 24 = 0. Suppose 5*u = 2*x + 16, u - m = -3*x + 2. List the prime factors of u.
2
Suppose u = 6 - 2. Suppose 0*k = u*k - 360. List the prime factors of k.
2, 3, 5
Suppose -c - 15 = 4*c. Let l be 0*1/(-4 - c). Suppose 2*a - 5*v - 39 = l, 49 = 2*a + a + 2*v. What are the prime factors of a?
17
Let c(f) be the first derivative of 3*f**2/2 + 22*f - 9. Let s be c(-6). Suppose -s*g + 5*g = 3*r - 89, 0 = 4*r - 2*g - 122. List the prime factors of r.
2, 7
Suppose 752 - 3361 = -d + 2*f, -2*f = 3*d - 7811. What are the prime factors of d?
5, 521
Let p(s) = 2*s**3 + 2*s + 72. Let h be p(0). Let l = 319 - h. What are the prime factors of l?
13, 19
Let f be (2 + -1)/(1/2). Suppose -4*k - 46 = -3*a, 24 = 2*a - f*k + k. Suppose 2*i + a - 36 = 0. List the prime factors of i.
13
Suppose 7*k - 16*k = 10944. What are the prime factors of k/(-12) + (-8)/(-12)?
2, 3, 17
Suppose 15*a - 31972 = -292. List the prime factors of a.
2, 3, 11
Let z = 66 + -20. Suppose 5*d - 131 = -z. Suppose 5 = 2*g - t, 2*g - 4*g - 3*t + d = 0. List the prime factors of g.
2
Let g = -398 + 273. Let f = g - -180. What are the prime factors of f?
5, 11
Suppose -733*f + 624 = -727*f. List the prime factors of f.
2, 13
Suppose 0 = -z - 2*j - 46, 0 = -3*z + 7*z + j + 170. Let q = -17 - z. Suppose q = 5*a - 45. What are the prime factors of a?
2, 7
Let m be ((-4)/(-4) + 3)/((-2)/7). List the prime factors of (-2)/7 - 872/m.
2, 31
Suppose 3*i = -i + 12. Suppose 0*u - 3*u + q = -175, -171 = -i*u + 3*q. Suppose 3*x - 196 = -5*z, -2*z + u = 2*x - 17. What are the prime factors of z?
41
Let y(a) = a**3 - 8*a**2 - 11. Suppose 5*g - 11 = 29. Let b be y(g). Let u = -4 - b. List the prime factors of u.
7
Let z be 1*(4/14 + (-408)/(-42)). What are the prime factors of (-2 + z/(-6))/((-9)/54)?
2, 11
Let z(t) = 97*t + 39. What are the prime factors of z(3)?
2, 3, 5, 11
Suppose 0 = -34*k + 13971 + 7551. List the prime factors of k.
3, 211
Suppose t = -4*t - 10. Let s = -8 + t. Let w = s + 26. List the prime factors of w.
2
Let x = 9 - 4. Suppose 0 = -x*o + o + 224. List the prime factors of o.
2, 7
Let g(q) = -18*q**2 - 5 + 0 + 5*q + q**3 - 20. Let d(p) = -5*p - 2. Let k be d(-4). What are the prime factors of g(k)?
5, 13
Let f = 185 + -115. Let m = f + -2. What are the prime factors of m?
2, 17
Let a(k) = k - 8. Let g be a(6). List the prime factors of (g + 41)/((-5)/(-2) + -2).
2, 3, 13
Let b(n) be the third derivative of -2*n**3 + 3*n**2 + 0*n + 1/6*n**4 + 0. What are the prime factors of b(10)?
2, 7
Let c = -155 + -21. Let o = -54 - c. List the prime factors of o.
2, 61
Let l(o) = 7*o**2 + 14*o - 34. List the prime factors of l(-15).
11
Let r(a) be the second derivative of 5*a**4/12 - 2*a**3/3 - a**2/2 + 10*a. What are the prime factors of r(2)?
11
Let u = 377 - 262. What ar